{"id":776,"date":"2014-12-29T13:32:32","date_gmt":"2014-12-29T13:32:32","guid":{"rendered":"http:\/\/www.pinelas.com\/?page_id=776"},"modified":"2019-03-10T10:09:29","modified_gmt":"2019-03-10T10:09:29","slug":"3d-para-joyeria","status":"publish","type":"page","link":"https:\/\/www.pinelas.com\/?page_id=776","title":{"rendered":"3D para Joyer\u00eda"},"content":{"rendered":"<div id=\"metaslider-id-87\" style=\"max-width: 800px; margin: 0 auto;\" class=\"ml-slider-3-109-0 metaslider metaslider-flex metaslider-87 ml-slider ms-theme-default nav-hidden\" role=\"region\" aria-label=\"Jewelry\" data-height=\"200\" data-width=\"800\">\n    <div id=\"metaslider_container_87\">\n        <div id=\"metaslider_87\" class=\"flexslider\">\n            <ul class='slides'>\n                <li style=\"display: block; width: 100%;\" class=\"slide-373 ms-image \" aria-roledescription=\"slide\" data-date=\"2014-04-03 09:35:34\" data-filename=\"Jewelry_Banner_01.jpg\" data-slide-type=\"image\"><img src=\"https:\/\/www.pinelas.com\/wp-content\/uploads\/2014\/04\/Jewelry_Banner_01.jpg\" height=\"200\" width=\"800\" alt=\"\" class=\"slider-87 slide-373 msDefaultImage\" \/><\/li>\n                <li style=\"display: none; width: 100%;\" class=\"slide-281 ms-image \" aria-roledescription=\"slide\" data-date=\"2014-03-28 14:03:31\" data-filename=\"Ifach_Compo_01.jpg\" data-slide-type=\"image\"><img src=\"https:\/\/www.pinelas.com\/wp-content\/uploads\/2014\/03\/Ifach_Compo_01.jpg\" height=\"200\" width=\"800\" alt=\"\" class=\"slider-87 slide-281 msDefaultImage\" title=\"Colgante Pe\u00f1on de Ifach. Gold Pendant done in Zbrush\" \/><\/li>\n                <li style=\"display: none; width: 100%;\" class=\"slide-282 ms-image \" aria-roledescription=\"slide\" data-date=\"2014-03-28 14:36:06\" data-filename=\"Gemelos_bulldog_Compo_01.jpg\" data-slide-type=\"image\"><img src=\"https:\/\/www.pinelas.com\/wp-content\/uploads\/2014\/03\/Gemelos_bulldog_Compo_01.jpg\" height=\"200\" width=\"800\" alt=\"\" class=\"slider-87 slide-282 msDefaultImage\" title=\"French Bulldog Cufflinks\" \/><\/li>\n                <li style=\"display: none; width: 100%;\" class=\"slide-283 ms-image \" aria-roledescription=\"slide\" data-date=\"2014-03-28 17:48:56\" data-filename=\"Compo_Banner_01.jpg\" data-slide-type=\"image\"><img src=\"https:\/\/www.pinelas.com\/wp-content\/uploads\/2014\/03\/Compo_Banner_01.jpg\" height=\"200\" width=\"800\" alt=\"\" class=\"slider-87 slide-283 msDefaultImage\" \/><\/li>\n                <li style=\"display: none; width: 100%;\" class=\"slide-1114 ms-image \" aria-roledescription=\"slide\" data-date=\"2015-12-16 13:54:52\" data-filename=\"Colgantes_Compo02-800x200.jpg\" data-slide-type=\"image\"><img src=\"https:\/\/www.pinelas.com\/wp-content\/uploads\/2015\/12\/Colgantes_Compo02-800x200.jpg\" height=\"200\" width=\"800\" alt=\"\" class=\"slider-87 slide-1114 msDefaultImage\" title=\"Bunny , bear and cat pendant\" \/><\/li>\n            <\/ul>\n        <\/div>\n        \n    <\/div>\n<\/div>\n<p>Si necesita convertir tus ideas en piezas de joyer\u00eda, d\u00e9jame ayudarte.<\/p>\n<p>Puedo:<\/p>\n<ul>\n<li>Crear modelos de joyer\u00eda cl\u00e1sica usando tus bocetos o fotograf\u00edas. Trabajo con Rhino 3D, el software est\u00e1ndar en el sector.<\/li>\n<li>Creaci\u00f3n de modelos org\u00e1nicos (micro esculturas) usando Zbrush<strong>. <\/strong>Libera tu creatividad y realizar\u00e9 el modelo 3D por ti.<\/li>\n<li>Creaci\u00f3n de im\u00e1genes realistas para incluir en tu catalogo online o para que el cliente final pueda aprobar el modelo antes de fabricarlo.<\/li>\n<li>Conversi\u00f3n de archivos desde distintos formatos y correcci\u00f3n de mallas con problemas para posterior impresi\u00f3n 3D.<\/li>\n<li>Necesitas la piezas terminada en plata,oro o bronce? Gemelos, anillos, colgantes, etc&#8230; Puedo entregartelos&nbsp; terminados para que no tengas que hacerlo tu.<\/li>\n<li>\n<h3>\u00bfQuieres realizar alg\u00fan dise\u00f1o? No dudes en consultarme, precios a partir de <strong>40\u20ac.<\/strong><\/h3>\n<\/li>\n<\/ul>\nngg_shortcode_0_placeholder\n","protected":false},"excerpt":{"rendered":"<p>Si necesita convertir tus ideas en piezas de joyer\u00eda, d\u00e9jame ayudarte. Puedo: Crear modelos de joyer\u00eda cl\u00e1sica usando tus bocetos o fotograf\u00edas. Trabajo con Rhino 3D, el software est\u00e1ndar en el sector. Creaci\u00f3n de modelos org\u00e1nicos (micro esculturas) usando Zbrush. Libera tu creatividad y realizar\u00e9 el modelo 3D por ti. Creaci\u00f3n de im\u00e1genes realistas para [&hellip;]<\/p>\n","protected":false},"author":1,"featured_media":0,"parent":0,"menu_order":0,"comment_status":"closed","ping_status":"open","template":"","meta":{"ngg_post_thumbnail":0},"_links":{"self":[{"href":"https:\/\/www.pinelas.com\/index.php?rest_route=\/wp\/v2\/pages\/776"}],"collection":[{"href":"https:\/\/www.pinelas.com\/index.php?rest_route=\/wp\/v2\/pages"}],"about":[{"href":"https:\/\/www.pinelas.com\/index.php?rest_route=\/wp\/v2\/types\/page"}],"author":[{"embeddable":true,"href":"https:\/\/www.pinelas.com\/index.php?rest_route=\/wp\/v2\/users\/1"}],"replies":[{"embeddable":true,"href":"https:\/\/www.pinelas.com\/index.php?rest_route=%2Fwp%2Fv2%2Fcomments&post=776"}],"version-history":[{"count":8,"href":"https:\/\/www.pinelas.com\/index.php?rest_route=\/wp\/v2\/pages\/776\/revisions"}],"predecessor-version":[{"id":1916,"href":"https:\/\/www.pinelas.com\/index.php?rest_route=\/wp\/v2\/pages\/776\/revisions\/1916"}],"wp:attachment":[{"href":"https:\/\/www.pinelas.com\/index.php?rest_route=%2Fwp%2Fv2%2Fmedia&parent=776"}],"curies":[{"name":"wp","href":"https:\/\/api.w.org\/{rel}","templated":true}]}}